{"id":457,"date":"2015-09-28T04:54:28","date_gmt":"2015-09-28T02:54:28","guid":{"rendered":"http:\/\/aragvi.hu\/en\/?page_id=457"},"modified":"2025-12-08T21:24:17","modified_gmt":"2025-12-08T20:24:17","slug":"events","status":"publish","type":"page","link":"https:\/\/aragvi.hu\/en\/events\/","title":{"rendered":"Events"},"content":{"rendered":"\n<h5 class=\"wp-block-heading\">Events? We offer an ideal venue in Budapest for hosting your special events<\/h5>\n\n\n\n<p>Whether you are planning a wedding, corporate gathering, celebration dinner, class reunion, birthday party, conference, or press event, feel free to contact us\u2014we are here to help you find the perfect setting.<\/p>\n\n\n\n<p>Our wide selection of Georgian specialties, along with our attentive and experienced staff, will make your occasion truly unforgettable. We look forward to welcoming you with elegant cold appetizers and tables filled with delicious dishes.<\/p>\n\n\n\n<p>Our spacious main event hall can accommodate up to 60 guests, while our separate private room is perfect for smaller groups of up to 16 people.<\/p>\n\n\n\n<p><a class=\"hungry-button dark\" href=\"https:\/\/aragvi.hu\/en\/contact-us\/\">Contact Us<\/a><\/p>\n\n\n\n<p><\/p>\n","protected":false},"excerpt":{"rendered":"<p>Events? We offer an ideal venue in Budapest for hosting your special events Whether you are planning a wedding, corporate gathering, celebration dinner, class reunion, &hellip; <a class=\"recipe-more-link\" href=\"https:\/\/aragvi.hu\/en\/events\/\">View Recipe<\/a><\/p>\n","protected":false},"author":3,"featured_media":1135,"parent":0,"menu_order":0,"comment_status":"closed","ping_status":"closed","template":"page-templates\/template-full-width.php","meta":{"footnotes":""},"class_list":["post-457","page","type-page","status-publish","has-post-thumbnail","hentry"],"yoast_head":"<!-- This site is optimized with the Yoast SEO plugin v26.4 - https:\/\/yoast.com\/wordpress\/plugins\/seo\/ -->\n<title>Rendezv\u00e9nyek - Aragvi<\/title>\n<meta name=\"description\" content=\"Rendezv\u00e9nyeid lebonyol\u00edt\u00e1s\u00e1hoz ide\u00e1lis budapesti helysz\u00ednt biztos\u00edtunk. Keress benn\u00fcnket bizalommal, ha esk\u00fcv\u0151, c\u00e9ges rendezv\u00e9ny, \u00fcnnepi rendezv\u00e9ny, \u00fcnnepi vacsora,\" \/>\n<meta name=\"robots\" content=\"index, follow, max-snippet:-1, max-image-preview:large, max-video-preview:-1\" \/>\n<link rel=\"canonical\" href=\"https:\/\/aragvi.hu\/en\/events\/\" \/>\n<meta property=\"og:locale\" content=\"en_US\" \/>\n<meta property=\"og:type\" content=\"article\" \/>\n<meta property=\"og:title\" content=\"Rendezv\u00e9nyek - Aragvi\" \/>\n<meta property=\"og:description\" content=\"Rendezv\u00e9nyeid lebonyol\u00edt\u00e1s\u00e1hoz ide\u00e1lis budapesti helysz\u00ednt biztos\u00edtunk. Keress benn\u00fcnket bizalommal, ha esk\u00fcv\u0151, c\u00e9ges rendezv\u00e9ny, \u00fcnnepi rendezv\u00e9ny, \u00fcnnepi vacsora,\" \/>\n<meta property=\"og:url\" content=\"https:\/\/aragvi.hu\/en\/events\/\" \/>\n<meta property=\"og:site_name\" content=\"Aragvi Gr\u00faz \u00c9tterem\" \/>\n<meta property=\"article:modified_time\" content=\"2025-12-08T20:24:17+00:00\" \/>\n<meta property=\"og:image\" content=\"https:\/\/aragvi.hu\/en\/wp-content\/uploads\/2015\/10\/photo3_461-e1444614174371.jpg\" \/>\n\t<meta property=\"og:image:width\" content=\"700\" \/>\n\t<meta property=\"og:image:height\" content=\"472\" \/>\n\t<meta property=\"og:image:type\" content=\"image\/jpeg\" \/>\n<meta name=\"twitter:card\" content=\"summary_large_image\" \/>\n<meta name=\"twitter:label1\" content=\"Est. reading time\" \/>\n\t<meta name=\"twitter:data1\" content=\"1 minute\" \/>\n<script type=\"application\/ld+json\" class=\"yoast-schema-graph\">{\"@context\":\"https:\/\/schema.org\",\"@graph\":[{\"@type\":\"WebPage\",\"@id\":\"https:\/\/aragvi.hu\/en\/events\/\",\"url\":\"https:\/\/aragvi.hu\/en\/events\/\",\"name\":\"Rendezv\u00e9nyek - Aragvi\",\"isPartOf\":{\"@id\":\"https:\/\/aragvi.hu\/en\/#website\"},\"primaryImageOfPage\":{\"@id\":\"https:\/\/aragvi.hu\/en\/events\/#primaryimage\"},\"image\":{\"@id\":\"https:\/\/aragvi.hu\/en\/events\/#primaryimage\"},\"thumbnailUrl\":\"https:\/\/aragvi.hu\/en\/wp-content\/uploads\/2015\/10\/photo3_461-e1444614174371.jpg\",\"datePublished\":\"2015-09-28T02:54:28+00:00\",\"dateModified\":\"2025-12-08T20:24:17+00:00\",\"description\":\"Rendezv\u00e9nyeid lebonyol\u00edt\u00e1s\u00e1hoz ide\u00e1lis budapesti helysz\u00ednt biztos\u00edtunk. Keress benn\u00fcnket bizalommal, ha esk\u00fcv\u0151, c\u00e9ges rendezv\u00e9ny, \u00fcnnepi rendezv\u00e9ny, \u00fcnnepi vacsora,\",\"breadcrumb\":{\"@id\":\"https:\/\/aragvi.hu\/en\/events\/#breadcrumb\"},\"inLanguage\":\"en-US\",\"potentialAction\":[{\"@type\":\"ReadAction\",\"target\":[\"https:\/\/aragvi.hu\/en\/events\/\"]}]},{\"@type\":\"ImageObject\",\"inLanguage\":\"en-US\",\"@id\":\"https:\/\/aragvi.hu\/en\/events\/#primaryimage\",\"url\":\"https:\/\/aragvi.hu\/en\/wp-content\/uploads\/2015\/10\/photo3_461-e1444614174371.jpg\",\"contentUrl\":\"https:\/\/aragvi.hu\/en\/wp-content\/uploads\/2015\/10\/photo3_461-e1444614174371.jpg\",\"width\":700,\"height\":472},{\"@type\":\"BreadcrumbList\",\"@id\":\"https:\/\/aragvi.hu\/en\/events\/#breadcrumb\",\"itemListElement\":[{\"@type\":\"ListItem\",\"position\":1,\"name\":\"Kezd\u0151lap\",\"item\":\"https:\/\/aragvi.hu\/en\/\"},{\"@type\":\"ListItem\",\"position\":2,\"name\":\"Events\"}]},{\"@type\":\"WebSite\",\"@id\":\"https:\/\/aragvi.hu\/en\/#website\",\"url\":\"https:\/\/aragvi.hu\/en\/\",\"name\":\"Aragvi Gr\u00faz \u00c9tterem\",\"description\":\"Georgian restaurant in Budapest, Hungary.\",\"potentialAction\":[{\"@type\":\"SearchAction\",\"target\":{\"@type\":\"EntryPoint\",\"urlTemplate\":\"https:\/\/aragvi.hu\/en\/?s={search_term_string}\"},\"query-input\":{\"@type\":\"PropertyValueSpecification\",\"valueRequired\":true,\"valueName\":\"search_term_string\"}}],\"inLanguage\":\"en-US\"}]}<\/script>\n<!-- \/ Yoast SEO plugin. -->","yoast_head_json":{"title":"Rendezv\u00e9nyek - Aragvi","description":"Rendezv\u00e9nyeid lebonyol\u00edt\u00e1s\u00e1hoz ide\u00e1lis budapesti helysz\u00ednt biztos\u00edtunk. Keress benn\u00fcnket bizalommal, ha esk\u00fcv\u0151, c\u00e9ges rendezv\u00e9ny, \u00fcnnepi rendezv\u00e9ny, \u00fcnnepi vacsora,","robots":{"index":"index","follow":"follow","max-snippet":"max-snippet:-1","max-image-preview":"max-image-preview:large","max-video-preview":"max-video-preview:-1"},"canonical":"https:\/\/aragvi.hu\/en\/events\/","og_locale":"en_US","og_type":"article","og_title":"Rendezv\u00e9nyek - Aragvi","og_description":"Rendezv\u00e9nyeid lebonyol\u00edt\u00e1s\u00e1hoz ide\u00e1lis budapesti helysz\u00ednt biztos\u00edtunk. Keress benn\u00fcnket bizalommal, ha esk\u00fcv\u0151, c\u00e9ges rendezv\u00e9ny, \u00fcnnepi rendezv\u00e9ny, \u00fcnnepi vacsora,","og_url":"https:\/\/aragvi.hu\/en\/events\/","og_site_name":"Aragvi Gr\u00faz \u00c9tterem","article_modified_time":"2025-12-08T20:24:17+00:00","og_image":[{"width":700,"height":472,"url":"https:\/\/aragvi.hu\/en\/wp-content\/uploads\/2015\/10\/photo3_461-e1444614174371.jpg","type":"image\/jpeg"}],"twitter_card":"summary_large_image","twitter_misc":{"Est. reading time":"1 minute"},"schema":{"@context":"https:\/\/schema.org","@graph":[{"@type":"WebPage","@id":"https:\/\/aragvi.hu\/en\/events\/","url":"https:\/\/aragvi.hu\/en\/events\/","name":"Rendezv\u00e9nyek - Aragvi","isPartOf":{"@id":"https:\/\/aragvi.hu\/en\/#website"},"primaryImageOfPage":{"@id":"https:\/\/aragvi.hu\/en\/events\/#primaryimage"},"image":{"@id":"https:\/\/aragvi.hu\/en\/events\/#primaryimage"},"thumbnailUrl":"https:\/\/aragvi.hu\/en\/wp-content\/uploads\/2015\/10\/photo3_461-e1444614174371.jpg","datePublished":"2015-09-28T02:54:28+00:00","dateModified":"2025-12-08T20:24:17+00:00","description":"Rendezv\u00e9nyeid lebonyol\u00edt\u00e1s\u00e1hoz ide\u00e1lis budapesti helysz\u00ednt biztos\u00edtunk. Keress benn\u00fcnket bizalommal, ha esk\u00fcv\u0151, c\u00e9ges rendezv\u00e9ny, \u00fcnnepi rendezv\u00e9ny, \u00fcnnepi vacsora,","breadcrumb":{"@id":"https:\/\/aragvi.hu\/en\/events\/#breadcrumb"},"inLanguage":"en-US","potentialAction":[{"@type":"ReadAction","target":["https:\/\/aragvi.hu\/en\/events\/"]}]},{"@type":"ImageObject","inLanguage":"en-US","@id":"https:\/\/aragvi.hu\/en\/events\/#primaryimage","url":"https:\/\/aragvi.hu\/en\/wp-content\/uploads\/2015\/10\/photo3_461-e1444614174371.jpg","contentUrl":"https:\/\/aragvi.hu\/en\/wp-content\/uploads\/2015\/10\/photo3_461-e1444614174371.jpg","width":700,"height":472},{"@type":"BreadcrumbList","@id":"https:\/\/aragvi.hu\/en\/events\/#breadcrumb","itemListElement":[{"@type":"ListItem","position":1,"name":"Kezd\u0151lap","item":"https:\/\/aragvi.hu\/en\/"},{"@type":"ListItem","position":2,"name":"Events"}]},{"@type":"WebSite","@id":"https:\/\/aragvi.hu\/en\/#website","url":"https:\/\/aragvi.hu\/en\/","name":"Aragvi Gr\u00faz \u00c9tterem","description":"Georgian restaurant in Budapest, Hungary.","potentialAction":[{"@type":"SearchAction","target":{"@type":"EntryPoint","urlTemplate":"https:\/\/aragvi.hu\/en\/?s={search_term_string}"},"query-input":{"@type":"PropertyValueSpecification","valueRequired":true,"valueName":"search_term_string"}}],"inLanguage":"en-US"}]}},"_links":{"self":[{"href":"https:\/\/aragvi.hu\/en\/wp-json\/wp\/v2\/pages\/457","targetHints":{"allow":["GET"]}}],"collection":[{"href":"https:\/\/aragvi.hu\/en\/wp-json\/wp\/v2\/pages"}],"about":[{"href":"https:\/\/aragvi.hu\/en\/wp-json\/wp\/v2\/types\/page"}],"author":[{"embeddable":true,"href":"https:\/\/aragvi.hu\/en\/wp-json\/wp\/v2\/users\/3"}],"replies":[{"embeddable":true,"href":"https:\/\/aragvi.hu\/en\/wp-json\/wp\/v2\/comments?post=457"}],"version-history":[{"count":19,"href":"https:\/\/aragvi.hu\/en\/wp-json\/wp\/v2\/pages\/457\/revisions"}],"predecessor-version":[{"id":1999,"href":"https:\/\/aragvi.hu\/en\/wp-json\/wp\/v2\/pages\/457\/revisions\/1999"}],"wp:featuredmedia":[{"embeddable":true,"href":"https:\/\/aragvi.hu\/en\/wp-json\/wp\/v2\/media\/1135"}],"wp:attachment":[{"href":"https:\/\/aragvi.hu\/en\/wp-json\/wp\/v2\/media?parent=457"}],"curies":[{"name":"wp","href":"https:\/\/api.w.org\/{rel}","templated":true}]}}

<!-- This site is optimized with the Yoast SEO plugin v26.4 - https://yoast.com/wordpress/plugins/seo/ -->
<title>Rendezvények - Aragvi</title>
<meta name="description" content="Rendezvényeid lebonyolításához ideális budapesti helyszínt biztosítunk. Keress bennünket bizalommal, ha esküvő, céges rendezvény, ünnepi rendezvény, ünnepi vacsora," />
<meta name="robots" content="index, follow, max-snippet:-1, max-image-preview:large, max-video-preview:-1" />
<link rel="canonical" href="https://aragvi.hu/en/events/" />
<meta property="og:locale" content="en_US" />
<meta property="og:type" content="article" />
<meta property="og:title" content="Rendezvények - Aragvi" />
<meta property="og:description" content="Rendezvényeid lebonyolításához ideális budapesti helyszínt biztosítunk. Keress bennünket bizalommal, ha esküvő, céges rendezvény, ünnepi rendezvény, ünnepi vacsora," />
<meta property="og:url" content="https://aragvi.hu/en/events/" />
<meta property="og:site_name" content="Aragvi Grúz Étterem" />
<meta property="article:modified_time" content="2025-12-08T20:24:17+00:00" />
<meta property="og:image" content="https://aragvi.hu/en/wp-content/uploads/2015/10/photo3_461-e1444614174371.jpg" />
	<meta property="og:image:width" content="700" />
	<meta property="og:image:height" content="472" />
	<meta property="og:image:type" content="image/jpeg" />
<meta name="twitter:card" content="summary_large_image" />
<meta name="twitter:label1" content="Est. reading time" />
	<meta name="twitter:data1" content="1 minute" />
<script type="application/ld+json" class="yoast-schema-graph">{"@context":"https://schema.org","@graph":[{"@type":"WebPage","@id":"https://aragvi.hu/en/events/","url":"https://aragvi.hu/en/events/","name":"Rendezvények - Aragvi","isPartOf":{"@id":"https://aragvi.hu/en/#website"},"primaryImageOfPage":{"@id":"https://aragvi.hu/en/events/#primaryimage"},"image":{"@id":"https://aragvi.hu/en/events/#primaryimage"},"thumbnailUrl":"https://aragvi.hu/en/wp-content/uploads/2015/10/photo3_461-e1444614174371.jpg","datePublished":"2015-09-28T02:54:28+00:00","dateModified":"2025-12-08T20:24:17+00:00","description":"Rendezvényeid lebonyolításához ideális budapesti helyszínt biztosítunk. Keress bennünket bizalommal, ha esküvő, céges rendezvény, ünnepi rendezvény, ünnepi vacsora,","breadcrumb":{"@id":"https://aragvi.hu/en/events/#breadcrumb"},"inLanguage":"en-US","potentialAction":[{"@type":"ReadAction","target":["https://aragvi.hu/en/events/"]}]},{"@type":"ImageObject","inLanguage":"en-US","@id":"https://aragvi.hu/en/events/#primaryimage","url":"https://aragvi.hu/en/wp-content/uploads/2015/10/photo3_461-e1444614174371.jpg","contentUrl":"https://aragvi.hu/en/wp-content/uploads/2015/10/photo3_461-e1444614174371.jpg","width":700,"height":472},{"@type":"BreadcrumbList","@id":"https://aragvi.hu/en/events/#breadcrumb","itemListElement":[{"@type":"ListItem","position":1,"name":"Kezdőlap","item":"https://aragvi.hu/en/"},{"@type":"ListItem","position":2,"name":"Events"}]},{"@type":"WebSite","@id":"https://aragvi.hu/en/#website","url":"https://aragvi.hu/en/","name":"Aragvi Grúz Étterem","description":"Georgian restaurant in Budapest, Hungary.","potentialAction":[{"@type":"SearchAction","target":{"@type":"EntryPoint","urlTemplate":"https://aragvi.hu/en/?s={search_term_string}"},"query-input":{"@type":"PropertyValueSpecification","valueRequired":true,"valueName":"search_term_string"}}],"inLanguage":"en-US"}]}</script>
<!-- / Yoast SEO plugin. -->

Rendezvények - Aragvi

Rendezvényeid lebonyolításához ideális budapesti helyszínt biztosítunk. Keress bennünket bizalommal, ha esküvő, céges rendezvény, ünnepi rendezvény, ünnepi vacsora,

Aragvi Grúz Étterem

Kezdőlap
